{"id":1011,"date":"2023-02-06T09:19:07","date_gmt":"2023-02-06T08:19:07","guid":{"rendered":"https:\/\/inklusion-barrierefrei-idstein.de\/?page_id=1011"},"modified":"2023-09-01T11:41:16","modified_gmt":"2023-09-01T09:41:16","slug":"aktivitaeten","status":"publish","type":"page","link":"https:\/\/inklusion-barrierefrei-idstein.de\/index.php\/aktivitaeten\/","title":{"rendered":"Aktivit\u00e4ten &#038; Aktuelles"},"content":{"rendered":"\n<hr class=\"wp-block-separator has-alpha-channel-opacity\"\/>\n\n\n\n<p><\/p>\n\n\n\n<h3 class=\"wp-block-heading\">Ra\u00fal Krauthausen<\/h3>\n\n\n\n<h3 class=\"wp-block-heading\"><mark style=\"background-color:rgba(0, 0, 0, 0)\" class=\"has-inline-color has-vivid-red-color\">Wer Inklusion will, findet einen Weg. Wer sie nicht will,\u00a0findet Ausreden.<\/mark><\/h3>\n\n\n\n<p><\/p>\n\n\n\n<hr class=\"wp-block-separator has-alpha-channel-opacity\"\/>\n\n\n<div\n\t\t\t\n\t\t\tclass=\"so-widget-sow-blog so-widget-sow-blog-grid-53ce41f05aca\"\n\t\t\t\n\t\t>\t\t<div\n\t\tclass=\"sow-blog sow-blog-layout-grid\"\n\t\tdata-template=\"grid\"\n\t\tdata-settings=\"{&quot;columns&quot;:3,&quot;featured_image&quot;:true,&quot;featured_image_size&quot;:&quot;thumbnail&quot;,&quot;featured_image_size_width&quot;:&quot;&quot;,&quot;featured_image_size_height&quot;:&quot;&quot;,&quot;content&quot;:&quot;excerpt&quot;,&quot;read_more&quot;:false,&quot;excerpt_length&quot;:40,&quot;date&quot;:true,&quot;author&quot;:false,&quot;filter_categories&quot;:true,&quot;categories&quot;:false,&quot;tags&quot;:false,&quot;comment_count&quot;:false,&quot;so_field_container_state&quot;:&quot;open&quot;,&quot;featured_image_empty&quot;:false,&quot;tag&quot;:&quot;h2&quot;,&quot;template&quot;:&quot;grid&quot;}\"\n\t\tdata-paged=\"1\"\n\t\tdata-paging-id=\"53ce41f05aca\"\n\t\tdata-total-pages=\"1\"\n\t\tdata-hash=\"67fc8308\"\n\t>\n\t\t\n\t\t\t\t\t\t\t<div class=\"sow-blog-posts\">\n\t\t\t\t<article id=\"post-1596\" class=\"post-1596 post type-post status-publish format-standard hentry category-allgemein entry\" style=\"margin: 0 0 30px;\">\n\t\t<div class=\"sow-blog-content-wrapper\" style=\"padding: 25px 30px 33px;\">\n\t\t<header class=\"sow-entry-header\">\n\t\t\t<h2 class=\"sow-entry-title\" style=\"margin: 0 0 5px;\"><a href=\"https:\/\/inklusion-barrierefrei-idstein.de\/index.php\/2025\/02\/14\/zum-start-ins-neue-jahr\/\" rel=\"bookmark\">ZUM START INS NEUE JAHR<\/a><\/h2>\t\t\t<div class=\"sow-entry-meta\">\n\t\t\t\t\t\t\t<span class=\"sow-entry-date\">\n\t\t\t\t<a href=\"https:\/\/inklusion-barrierefrei-idstein.de\/index.php\/2025\/02\/14\/zum-start-ins-neue-jahr\/\" rel=\"bookmark\">\n\t\t\t\t\t<time class=\"published\" datetime=\"2025-02-14T10:25:10+01:00\">\n\t\t\t\t\t\t14. Februar 2025\t\t\t\t\t<\/time>\n\t\t\t\t\t<time class=\"updated\" datetime=\"2025-02-14T10:33:53+01:00\">\n\t\t\t\t\t\t14. Februar 2025\t\t\t\t\t<\/time>\n\t\t\t\t<\/a>\n\t\t\t<\/span>\n\t\t\n\t\t\n\t\t\n\t\t\n\t\t\t\t\t<\/div>\n\t\t<\/header>\n\n\t\t\t\t\t<div\n\t\t\t\tclass=\"sow-entry-content\"\n\t\t\t\tstyle=\"margin-top: 20px;\"\n\t\t\t>\n\t\t\t\t<p><\/p>\t\t\t<\/div>\n\t\t\t\t<\/div>\n<\/article>\n<article id=\"post-1474\" class=\"post-1474 post type-post status-publish format-standard has-post-thumbnail hentry category-barrierefrei-idstein category-inklusion-idstein entry\" style=\"margin: 0 0 30px;\">\n\t\t\t\t\t<div class=\"sow-entry-thumbnail\">\n\t\t\t\t\t\t\t\t\t\t<a href=\"https:\/\/inklusion-barrierefrei-idstein.de\/index.php\/2023\/03\/20\/leben-lernen-mit-infusion-denn-inklusion-wertet-unseregesellschaft-auf\/\">\n\t\t\t\t\t\t<img loading=\"lazy\" decoding=\"async\" width=\"150\" height=\"150\" src=\"https:\/\/inklusion-barrierefrei-idstein.de\/wp-content\/uploads\/2023\/03\/Bildschirmfoto-2023-03-20-um-14.59.39-150x150.png\" class=\"attachment-thumbnail size-thumbnail wp-post-image\" alt=\"\" srcset=\"https:\/\/inklusion-barrierefrei-idstein.de\/wp-content\/uploads\/2023\/03\/Bildschirmfoto-2023-03-20-um-14.59.39-150x150.png 150w, https:\/\/inklusion-barrierefrei-idstein.de\/wp-content\/uploads\/2023\/03\/Bildschirmfoto-2023-03-20-um-14.59.39-375x375.png 375w\" sizes=\"auto, (max-width: 150px) 100vw, 150px\" \/>\t\t\t\t\t<\/a>\n\t\t\t\t<\/div>\n\t\t\t\t\t<div class=\"sow-blog-content-wrapper\" style=\"padding: 25px 30px 33px;\">\n\t\t<header class=\"sow-entry-header\">\n\t\t\t<h2 class=\"sow-entry-title\" style=\"margin: 0 0 5px;\"><a href=\"https:\/\/inklusion-barrierefrei-idstein.de\/index.php\/2023\/03\/20\/leben-lernen-mit-infusion-denn-inklusion-wertet-unseregesellschaft-auf\/\" rel=\"bookmark\">Leben lernen mit Inkusion, denn Inklusion wertet unsere Gesellschaft auf.<\/a><\/h2>\t\t\t<div class=\"sow-entry-meta\">\n\t\t\t\t\t\t\t<span class=\"sow-entry-date\">\n\t\t\t\t<a href=\"https:\/\/inklusion-barrierefrei-idstein.de\/index.php\/2023\/03\/20\/leben-lernen-mit-infusion-denn-inklusion-wertet-unseregesellschaft-auf\/\" rel=\"bookmark\">\n\t\t\t\t\t<time class=\"published\" datetime=\"2023-03-20T15:17:12+01:00\">\n\t\t\t\t\t\t20. M\u00e4rz 2023\t\t\t\t\t<\/time>\n\t\t\t\t\t<time class=\"updated\" datetime=\"2023-03-20T22:12:09+01:00\">\n\t\t\t\t\t\t20. M\u00e4rz 2023\t\t\t\t\t<\/time>\n\t\t\t\t<\/a>\n\t\t\t<\/span>\n\t\t\n\t\t\n\t\t\n\t\t\n\t\t\t\t\t<\/div>\n\t\t<\/header>\n\n\t\t\t\t\t<div\n\t\t\t\tclass=\"sow-entry-content\"\n\t\t\t\tstyle=\"margin-top: 20px;\"\n\t\t\t>\n\t\t\t\t<p>Das Wort Inklusion hat sich zu einem Modewort entwickelt. Es geht dabei aber nicht um Modisches, sondern um Wichtiges, um substanziell Demokratisches. <div class=\"more-link-wrapper\"><a class=\"more-link\" href=\"https:\/\/inklusion-barrierefrei-idstein.de\/index.php\/2023\/03\/20\/leben-lernen-mit-infusion-denn-inklusion-wertet-unseregesellschaft-auf\/\">Weiterlesen<span class=\"screen-reader-text\">Leben lernen mit Inkusion, denn Inklusion wertet unsere Gesellschaft auf.<\/span><\/a><\/div><\/p>\t\t\t<\/div>\n\t\t\t\t<\/div>\n<\/article>\n<article id=\"post-1466\" class=\"post-1466 post type-post status-publish format-standard has-post-thumbnail hentry category-allgemein category-barrierefrei-idstein category-inklusion-idstein tag-barrierefrei-idstein tag-idstein tag-inklusion-idstein entry\" style=\"margin: 0 0 30px;\">\n\t\t\t\t\t<div class=\"sow-entry-thumbnail\">\n\t\t\t\t\t\t\t\t\t\t<a href=\"https:\/\/inklusion-barrierefrei-idstein.de\/index.php\/2023\/03\/06\/kabelbruecken-sind-stolperfallen\/\">\n\t\t\t\t\t\t<img loading=\"lazy\" decoding=\"async\" width=\"150\" height=\"150\" src=\"https:\/\/inklusion-barrierefrei-idstein.de\/wp-content\/uploads\/2023\/03\/28012119-305C-47BD-88A5-3B2F0C888C8A_1_201_a-150x150.jpeg\" class=\"attachment-thumbnail size-thumbnail wp-post-image\" alt=\"\" srcset=\"https:\/\/inklusion-barrierefrei-idstein.de\/wp-content\/uploads\/2023\/03\/28012119-305C-47BD-88A5-3B2F0C888C8A_1_201_a-150x150.jpeg 150w, https:\/\/inklusion-barrierefrei-idstein.de\/wp-content\/uploads\/2023\/03\/28012119-305C-47BD-88A5-3B2F0C888C8A_1_201_a-375x375.jpeg 375w\" sizes=\"auto, (max-width: 150px) 100vw, 150px\" \/>\t\t\t\t\t<\/a>\n\t\t\t\t<\/div>\n\t\t\t\t\t<div class=\"sow-blog-content-wrapper\" style=\"padding: 25px 30px 33px;\">\n\t\t<header class=\"sow-entry-header\">\n\t\t\t<h2 class=\"sow-entry-title\" style=\"margin: 0 0 5px;\"><a href=\"https:\/\/inklusion-barrierefrei-idstein.de\/index.php\/2023\/03\/06\/kabelbruecken-sind-stolperfallen\/\" rel=\"bookmark\">Kabelbr\u00fccken sind Stolperfallen<\/a><\/h2>\t\t\t<div class=\"sow-entry-meta\">\n\t\t\t\t\t\t\t<span class=\"sow-entry-date\">\n\t\t\t\t<a href=\"https:\/\/inklusion-barrierefrei-idstein.de\/index.php\/2023\/03\/06\/kabelbruecken-sind-stolperfallen\/\" rel=\"bookmark\">\n\t\t\t\t\t<time class=\"published\" datetime=\"2023-03-06T08:42:38+01:00\">\n\t\t\t\t\t\t6. M\u00e4rz 2023\t\t\t\t\t<\/time>\n\t\t\t\t\t<time class=\"updated\" datetime=\"2023-03-06T08:47:04+01:00\">\n\t\t\t\t\t\t6. M\u00e4rz 2023\t\t\t\t\t<\/time>\n\t\t\t\t<\/a>\n\t\t\t<\/span>\n\t\t\n\t\t\n\t\t\n\t\t\n\t\t\t\t\t<\/div>\n\t\t<\/header>\n\n\t\t\t\t\t<div\n\t\t\t\tclass=\"sow-entry-content\"\n\t\t\t\tstyle=\"margin-top: 20px;\"\n\t\t\t>\n\t\t\t\t<p>Leider erforderlich bei Festen um Versorgungsleitungen zu sichern. F\u00fcr Fu\u00dfg\u00e4nger Stolperfallen.- F\u00fcr Kinderwagen ein Hindernis.- F\u00fcr Rollstuhlfahrer und Rollatoren eine Unfallursache.- Wir fordern deshalb Rampen !!!!! wir wollen Barrierefreiheit.<\/p>\t\t\t<\/div>\n\t\t\t\t<\/div>\n<\/article>\n<article id=\"post-1340\" class=\"post-1340 post type-post status-publish format-standard has-post-thumbnail hentry category-allgemein entry\" style=\"margin: 0 0 30px;\">\n\t\t\t\t\t<div class=\"sow-entry-thumbnail\">\n\t\t\t\t\t\t\t\t\t\t<a href=\"https:\/\/inklusion-barrierefrei-idstein.de\/index.php\/2023\/02\/18\/die-ampelanlage-ist-fuer-blinde-menschen-nicht-erkennbar\/\">\n\t\t\t\t\t\t<img loading=\"lazy\" decoding=\"async\" width=\"150\" height=\"150\" src=\"https:\/\/inklusion-barrierefrei-idstein.de\/wp-content\/uploads\/2023\/02\/image-1-150x150.png\" class=\"attachment-thumbnail size-thumbnail wp-post-image\" alt=\"\" \/>\t\t\t\t\t<\/a>\n\t\t\t\t<\/div>\n\t\t\t\t\t<div class=\"sow-blog-content-wrapper\" style=\"padding: 25px 30px 33px;\">\n\t\t<header class=\"sow-entry-header\">\n\t\t\t<h2 class=\"sow-entry-title\" style=\"margin: 0 0 5px;\"><a href=\"https:\/\/inklusion-barrierefrei-idstein.de\/index.php\/2023\/02\/18\/die-ampelanlage-ist-fuer-blinde-menschen-nicht-erkennbar\/\" rel=\"bookmark\">Die Ampelanlage ist f\u00fcr blinde Menschen nicht erkennbar<\/a><\/h2>\t\t\t<div class=\"sow-entry-meta\">\n\t\t\t\t\t\t\t<span class=\"sow-entry-date\">\n\t\t\t\t<a href=\"https:\/\/inklusion-barrierefrei-idstein.de\/index.php\/2023\/02\/18\/die-ampelanlage-ist-fuer-blinde-menschen-nicht-erkennbar\/\" rel=\"bookmark\">\n\t\t\t\t\t<time class=\"published\" datetime=\"2023-02-18T10:37:51+01:00\">\n\t\t\t\t\t\t18. Februar 2023\t\t\t\t\t<\/time>\n\t\t\t\t\t<time class=\"updated\" datetime=\"2023-02-18T11:27:38+01:00\">\n\t\t\t\t\t\t18. Februar 2023\t\t\t\t\t<\/time>\n\t\t\t\t<\/a>\n\t\t\t<\/span>\n\t\t\n\t\t\n\t\t\n\t\t\n\t\t\t\t\t<\/div>\n\t\t<\/header>\n\n\t\t\t\t\t<div\n\t\t\t\tclass=\"sow-entry-content\"\n\t\t\t\tstyle=\"margin-top: 20px;\"\n\t\t\t>\n\t\t\t\t<p>Hier fehlt auch die Absenkung des\u00a0Bordsteins und ein taktiles Bodenleitsystem.\n\nAnbringen einer\u00a0 akustischen\u00a0Signalisierung\u00a0 f\u00fcr die Ampelphasen..\u00a0\n\nDie Ampelanlage ist an einer wichtigen\u00a0Stelle f\u00fcr Sch\u00fcler und eine Verbindung zum Parkplatz.<div class=\"more-link-wrapper\"><a class=\"more-link\" href=\"https:\/\/inklusion-barrierefrei-idstein.de\/index.php\/2023\/02\/18\/die-ampelanlage-ist-fuer-blinde-menschen-nicht-erkennbar\/\">Weiterlesen<span class=\"screen-reader-text\">Die Ampelanlage ist f\u00fcr blinde Menschen nicht erkennbar<\/span><\/a><\/div><\/p>\t\t\t<\/div>\n\t\t\t\t<\/div>\n<\/article>\n<article id=\"post-1338\" class=\"post-1338 post type-post status-publish format-standard has-post-thumbnail hentry category-allgemein entry\" style=\"margin: 0 0 30px;\">\n\t\t\t\t\t<div class=\"sow-entry-thumbnail\">\n\t\t\t\t\t\t\t\t\t\t<a href=\"https:\/\/inklusion-barrierefrei-idstein.de\/index.php\/2023\/02\/18\/kein-barrierefreier-zugang-zum-haus-der-aelteren-mitbuerger\/\">\n\t\t\t\t\t\t<img loading=\"lazy\" decoding=\"async\" width=\"150\" height=\"150\" src=\"https:\/\/inklusion-barrierefrei-idstein.de\/wp-content\/uploads\/2023\/02\/image-150x150.png\" class=\"attachment-thumbnail size-thumbnail wp-post-image\" alt=\"\" \/>\t\t\t\t\t<\/a>\n\t\t\t\t<\/div>\n\t\t\t\t\t<div class=\"sow-blog-content-wrapper\" style=\"padding: 25px 30px 33px;\">\n\t\t<header class=\"sow-entry-header\">\n\t\t\t<h2 class=\"sow-entry-title\" style=\"margin: 0 0 5px;\"><a href=\"https:\/\/inklusion-barrierefrei-idstein.de\/index.php\/2023\/02\/18\/kein-barrierefreier-zugang-zum-haus-der-aelteren-mitbuerger\/\" rel=\"bookmark\">Kein barrierefreier Zugang zum Haus der \u00e4lteren Mitb\u00fcrger<\/a><\/h2>\t\t\t<div class=\"sow-entry-meta\">\n\t\t\t\t\t\t\t<span class=\"sow-entry-date\">\n\t\t\t\t<a href=\"https:\/\/inklusion-barrierefrei-idstein.de\/index.php\/2023\/02\/18\/kein-barrierefreier-zugang-zum-haus-der-aelteren-mitbuerger\/\" rel=\"bookmark\">\n\t\t\t\t\t<time class=\"published\" datetime=\"2023-02-18T10:36:13+01:00\">\n\t\t\t\t\t\t18. Februar 2023\t\t\t\t\t<\/time>\n\t\t\t\t\t<time class=\"updated\" datetime=\"2023-02-18T11:28:07+01:00\">\n\t\t\t\t\t\t18. Februar 2023\t\t\t\t\t<\/time>\n\t\t\t\t<\/a>\n\t\t\t<\/span>\n\t\t\n\t\t\n\t\t\n\t\t\n\t\t\t\t\t<\/div>\n\t\t<\/header>\n\n\t\t\t\t\t<div\n\t\t\t\tclass=\"sow-entry-content\"\n\t\t\t\tstyle=\"margin-top: 20px;\"\n\t\t\t>\n\t\t\t\t<p>Der Bordstein ist 5 cm hoch es muss ein\u00a0 abgesenkter Bordstein eingebaut werden. Ebenso auf der anderen Stra\u00dfenseite. Gerade an dieser Stelle sollte eine Barrierefreiheit vorhanden sein. <div class=\"more-link-wrapper\"><a class=\"more-link\" href=\"https:\/\/inklusion-barrierefrei-idstein.de\/index.php\/2023\/02\/18\/kein-barrierefreier-zugang-zum-haus-der-aelteren-mitbuerger\/\">Weiterlesen<span class=\"screen-reader-text\">Kein barrierefreier Zugang zum Haus der \u00e4lteren Mitb\u00fcrger<\/span><\/a><\/div><\/p>\t\t\t<\/div>\n\t\t\t\t<\/div>\n<\/article>\n<article id=\"post-1336\" class=\"post-1336 post type-post status-publish format-standard has-post-thumbnail hentry category-allgemein category-barrierefrei-idstein category-inklusion-idstein entry\" style=\"margin: 0 0 30px;\">\n\t\t\t\t\t<div class=\"sow-entry-thumbnail\">\n\t\t\t\t\t\t\t\t\t\t<a href=\"https:\/\/inklusion-barrierefrei-idstein.de\/index.php\/2023\/02\/18\/stadtbusse\/\">\n\t\t\t\t\t\t<img loading=\"lazy\" decoding=\"async\" width=\"150\" height=\"150\" src=\"https:\/\/inklusion-barrierefrei-idstein.de\/wp-content\/uploads\/2023\/02\/Bildschirmfoto-2023-02-21-um-13.28.00-150x150.png\" class=\"attachment-thumbnail size-thumbnail wp-post-image\" alt=\"\" srcset=\"https:\/\/inklusion-barrierefrei-idstein.de\/wp-content\/uploads\/2023\/02\/Bildschirmfoto-2023-02-21-um-13.28.00-150x150.png 150w, https:\/\/inklusion-barrierefrei-idstein.de\/wp-content\/uploads\/2023\/02\/Bildschirmfoto-2023-02-21-um-13.28.00-375x375.png 375w\" sizes=\"auto, (max-width: 150px) 100vw, 150px\" \/>\t\t\t\t\t<\/a>\n\t\t\t\t<\/div>\n\t\t\t\t\t<div class=\"sow-blog-content-wrapper\" style=\"padding: 25px 30px 33px;\">\n\t\t<header class=\"sow-entry-header\">\n\t\t\t<h2 class=\"sow-entry-title\" style=\"margin: 0 0 5px;\"><a href=\"https:\/\/inklusion-barrierefrei-idstein.de\/index.php\/2023\/02\/18\/stadtbusse\/\" rel=\"bookmark\">Stadtbusse<\/a><\/h2>\t\t\t<div class=\"sow-entry-meta\">\n\t\t\t\t\t\t\t<span class=\"sow-entry-date\">\n\t\t\t\t<a href=\"https:\/\/inklusion-barrierefrei-idstein.de\/index.php\/2023\/02\/18\/stadtbusse\/\" rel=\"bookmark\">\n\t\t\t\t\t<time class=\"published\" datetime=\"2023-02-18T10:34:40+01:00\">\n\t\t\t\t\t\t18. Februar 2023\t\t\t\t\t<\/time>\n\t\t\t\t\t<time class=\"updated\" datetime=\"2024-02-02T14:31:38+01:00\">\n\t\t\t\t\t\t2. Februar 2024\t\t\t\t\t<\/time>\n\t\t\t\t<\/a>\n\t\t\t<\/span>\n\t\t\n\t\t\n\t\t\n\t\t\n\t\t\t\t\t<\/div>\n\t\t<\/header>\n\n\t\t\t\t\t<div\n\t\t\t\tclass=\"sow-entry-content\"\n\t\t\t\tstyle=\"margin-top: 20px;\"\n\t\t\t>\n\t\t\t\t<p>Beschluss :  zum \u00d6PNV in Idstein (auch Emil). Darin enthalten ist, dass bis zur <div class=\"more-link-wrapper\"><a class=\"more-link\" href=\"https:\/\/inklusion-barrierefrei-idstein.de\/index.php\/2023\/02\/18\/stadtbusse\/\">Weiterlesen<span class=\"screen-reader-text\">Stadtbusse<\/span><\/a><\/div><\/p>\t\t\t<\/div>\n\t\t\t\t<\/div>\n<\/article>\n<article id=\"post-1284\" class=\"post-1284 post type-post status-publish format-standard has-post-thumbnail hentry category-allgemein category-barrierefrei-idstein category-inklusion-idstein tag-barrierefrei-wc tag-behinderten-wc tag-idstein entry\" style=\"margin: 0 0 30px;\">\n\t\t\t\t\t<div class=\"sow-entry-thumbnail\">\n\t\t\t\t\t\t\t\t\t\t<a href=\"https:\/\/inklusion-barrierefrei-idstein.de\/index.php\/2023\/02\/15\/barrierefreies-wc-idstein\/\">\n\t\t\t\t\t\t<img loading=\"lazy\" decoding=\"async\" width=\"150\" height=\"150\" src=\"https:\/\/inklusion-barrierefrei-idstein.de\/wp-content\/uploads\/2023\/02\/5cee44300a09a114ef791e76c6b0d3f5-e1676616956544-150x150.jpg\" class=\"attachment-thumbnail size-thumbnail wp-post-image\" alt=\"\" \/>\t\t\t\t\t<\/a>\n\t\t\t\t<\/div>\n\t\t\t\t\t<div class=\"sow-blog-content-wrapper\" style=\"padding: 25px 30px 33px;\">\n\t\t<header class=\"sow-entry-header\">\n\t\t\t<h2 class=\"sow-entry-title\" style=\"margin: 0 0 5px;\"><a href=\"https:\/\/inklusion-barrierefrei-idstein.de\/index.php\/2023\/02\/15\/barrierefreies-wc-idstein\/\" rel=\"bookmark\">Barrierefreies WC Idstein<\/a><\/h2>\t\t\t<div class=\"sow-entry-meta\">\n\t\t\t\t\t\t\t<span class=\"sow-entry-date\">\n\t\t\t\t<a href=\"https:\/\/inklusion-barrierefrei-idstein.de\/index.php\/2023\/02\/15\/barrierefreies-wc-idstein\/\" rel=\"bookmark\">\n\t\t\t\t\t<time class=\"published\" datetime=\"2023-02-15T17:37:08+01:00\">\n\t\t\t\t\t\t15. Februar 2023\t\t\t\t\t<\/time>\n\t\t\t\t\t<time class=\"updated\" datetime=\"2024-01-22T13:48:26+01:00\">\n\t\t\t\t\t\t22. Januar 2024\t\t\t\t\t<\/time>\n\t\t\t\t<\/a>\n\t\t\t<\/span>\n\t\t\n\t\t\n\t\t\n\t\t\n\t\t\t\t\t<\/div>\n\t\t<\/header>\n\n\t\t\t\t\t<div\n\t\t\t\tclass=\"sow-entry-content\"\n\t\t\t\tstyle=\"margin-top: 20px;\"\n\t\t\t>\n\t\t\t\t<p>Neues Behinderten-WC nicht barrierefrei\u00a0\n\nNach jahrelanger Diskussion steht nun eine Toilette in der Rathausunterf\u00fchrung in Idstein \u2013 doch Ausf\u00fchrung ist \u201enicht sinnvoll\u201c f\u00fcr Nutzer<div class=\"more-link-wrapper\"><a class=\"more-link\" href=\"https:\/\/inklusion-barrierefrei-idstein.de\/index.php\/2023\/02\/15\/barrierefreies-wc-idstein\/\">Weiterlesen<span class=\"screen-reader-text\">Barrierefreies WC Idstein<\/span><\/a><\/div><\/p>\t\t\t<\/div>\n\t\t\t\t<\/div>\n<\/article>\n<article id=\"post-1280\" class=\"post-1280 post type-post status-publish format-standard has-post-thumbnail hentry category-allgemein category-barrierefrei-idstein category-inklusion-idstein tag-barrierefrei-idstein tag-inklusion-idstein entry\" style=\"margin: 0 0 30px;\">\n\t\t\t\t\t<div class=\"sow-entry-thumbnail\">\n\t\t\t\t\t\t\t\t\t\t<a href=\"https:\/\/inklusion-barrierefrei-idstein.de\/index.php\/2023\/02\/15\/test1\/\">\n\t\t\t\t\t\t<img loading=\"lazy\" decoding=\"async\" width=\"150\" height=\"150\" src=\"https:\/\/inklusion-barrierefrei-idstein.de\/wp-content\/uploads\/2023\/02\/LOGO-FLAYER-1-150x150.jpg\" class=\"attachment-thumbnail size-thumbnail wp-post-image\" alt=\"\" \/>\t\t\t\t\t<\/a>\n\t\t\t\t<\/div>\n\t\t\t\t\t<div class=\"sow-blog-content-wrapper\" style=\"padding: 25px 30px 33px;\">\n\t\t<header class=\"sow-entry-header\">\n\t\t\t<h2 class=\"sow-entry-title\" style=\"margin: 0 0 5px;\"><a href=\"https:\/\/inklusion-barrierefrei-idstein.de\/index.php\/2023\/02\/15\/test1\/\" rel=\"bookmark\">Wer hat Lust mit zu machen<\/a><\/h2>\t\t\t<div class=\"sow-entry-meta\">\n\t\t\t\t\t\t\t<span class=\"sow-entry-date\">\n\t\t\t\t<a href=\"https:\/\/inklusion-barrierefrei-idstein.de\/index.php\/2023\/02\/15\/test1\/\" rel=\"bookmark\">\n\t\t\t\t\t<time class=\"published\" datetime=\"2023-02-15T17:29:43+01:00\">\n\t\t\t\t\t\t15. Februar 2023\t\t\t\t\t<\/time>\n\t\t\t\t\t<time class=\"updated\" datetime=\"2023-02-18T09:06:04+01:00\">\n\t\t\t\t\t\t18. Februar 2023\t\t\t\t\t<\/time>\n\t\t\t\t<\/a>\n\t\t\t<\/span>\n\t\t\n\t\t\n\t\t\n\t\t\n\t\t\t\t\t<\/div>\n\t\t<\/header>\n\n\t\t\t\t\t<div\n\t\t\t\tclass=\"sow-entry-content\"\n\t\t\t\tstyle=\"margin-top: 20px;\"\n\t\t\t>\n\t\t\t\t<p>Aktiv werden f\u00fcr die Gemeinschaft, f\u00fcr Dich, ein selbstbestimmtes Leben <div class=\"more-link-wrapper\"><a class=\"more-link\" href=\"https:\/\/inklusion-barrierefrei-idstein.de\/index.php\/2023\/02\/15\/test1\/\">Weiterlesen<span class=\"screen-reader-text\">Wer hat Lust mit zu machen<\/span><\/a><\/div><\/p>\t\t\t<\/div>\n\t\t\t\t<\/div>\n<\/article>\n\t\t\t<\/div>\n\t\t\t\t\t\t\t\t<\/div>\n\t<\/div>\n\n\n<figure class=\"wp-block-image size-large is-resized\"><img loading=\"lazy\" decoding=\"async\" width=\"1024\" height=\"992\" src=\"https:\/\/inklusion-barrierefrei-idstein.de\/wp-content\/uploads\/2023\/09\/BFC4EF3F-F3B2-4F08-8738-9C1BB4220F41_1_201_a-1024x992.jpeg\" alt=\"\" class=\"wp-image-1544\" style=\"width:225px;height:auto\" srcset=\"https:\/\/inklusion-barrierefrei-idstein.de\/wp-content\/uploads\/2023\/09\/BFC4EF3F-F3B2-4F08-8738-9C1BB4220F41_1_201_a-1024x992.jpeg 1024w, https:\/\/inklusion-barrierefrei-idstein.de\/wp-content\/uploads\/2023\/09\/BFC4EF3F-F3B2-4F08-8738-9C1BB4220F41_1_201_a-300x291.jpeg 300w, https:\/\/inklusion-barrierefrei-idstein.de\/wp-content\/uploads\/2023\/09\/BFC4EF3F-F3B2-4F08-8738-9C1BB4220F41_1_201_a-768x744.jpeg 768w, https:\/\/inklusion-barrierefrei-idstein.de\/wp-content\/uploads\/2023\/09\/BFC4EF3F-F3B2-4F08-8738-9C1BB4220F41_1_201_a.jpeg 1231w\" sizes=\"auto, (max-width: 1024px) 100vw, 1024px\" \/><\/figure>\n\n\n\n<h4 class=\"wp-block-heading\">STAND BEIM FEST DER <\/h4>\n\n\n\n<h4 class=\"wp-block-heading\">VEREINE UND KULTUREN <\/h4>\n","protected":false},"excerpt":{"rendered":"<p>Ra\u00fal Krauthausen Wer Inklusion will, findet einen Weg. Wer sie nicht will,\u00a0findet Ausreden. STAND BEIM FEST DER VEREINE UND KULTUREN<\/p>\n","protected":false},"author":1,"featured_media":0,"parent":0,"menu_order":0,"comment_status":"closed","ping_status":"closed","template":"","meta":{"passster_activate_protection":false,"passster_protect_child_pages":"","passster_protection_type":"password","passster_password":"","passster_activate_overwrite_defaults":"","passster_headline":"","passster_instruction":"","passster_placeholder":"","passster_button":"","passster_id":"","passster_activate_misc_settings":"","passster_redirect_url":"","passster_hide":"no","passster_area_shortcode":"","footnotes":""},"class_list":["post-1011","page","type-page","status-publish","hentry","entry"],"_links":{"self":[{"href":"https:\/\/inklusion-barrierefrei-idstein.de\/index.php\/wp-json\/wp\/v2\/pages\/1011","targetHints":{"allow":["GET"]}}],"collection":[{"href":"https:\/\/inklusion-barrierefrei-idstein.de\/index.php\/wp-json\/wp\/v2\/pages"}],"about":[{"href":"https:\/\/inklusion-barrierefrei-idstein.de\/index.php\/wp-json\/wp\/v2\/types\/page"}],"author":[{"embeddable":true,"href":"https:\/\/inklusion-barrierefrei-idstein.de\/index.php\/wp-json\/wp\/v2\/users\/1"}],"replies":[{"embeddable":true,"href":"https:\/\/inklusion-barrierefrei-idstein.de\/index.php\/wp-json\/wp\/v2\/comments?post=1011"}],"version-history":[{"count":28,"href":"https:\/\/inklusion-barrierefrei-idstein.de\/index.php\/wp-json\/wp\/v2\/pages\/1011\/revisions"}],"predecessor-version":[{"id":1545,"href":"https:\/\/inklusion-barrierefrei-idstein.de\/index.php\/wp-json\/wp\/v2\/pages\/1011\/revisions\/1545"}],"wp:attachment":[{"href":"https:\/\/inklusion-barrierefrei-idstein.de\/index.php\/wp-json\/wp\/v2\/media?parent=1011"}],"curies":[{"name":"wp","href":"https:\/\/api.w.org\/{rel}","templated":true}]}}